In base 4, what is 1 - 123012?
-123011
In base 11, what is -972 - -1?
-971
In base 11, what is 4 + -17?
-13
In base 3, what is -10220000 - 0?
-10220000
In base 16, what is 57 - 6?
51
In base 6, what is -13244 + -4?
-13252
In base 9, what is -87 + 2?
-85
In base 9, what is 5 + 26?
32
In base 8, what is -5 - 712?
-717
In base 8, what is 2613 + -6?
2605
In base 14, what is 0 + -87?
-87
In base 2, what is 1 - 111111100?
-111111011
In base 5, what is -40 - -12?
-23
In base 3, what is -11 - -1210?
1122
In base 16, what is -6 - f1?
-f7
In base 13, what is 112 - -1?
113
In base 3, what is 1102212 + 100?
1110012
In base 15, what is 1e + 8?
27
In base 4, what is -3 + 2133?
2130
In base 16, what is 4 - 8d?
-89
In base 2, what is 10011 - -101?
11000
In base 9, what is 1764 - -3?
1767
In base 14, what is 16 - -6?
1c
In base 7, what is -6645 - 5?
-6653
In base 12, what is -1 - 6?
-7
In base 2, what is 100011 - 100100100?
-100000001
In base 6, what is 11100 - -5?
11105
In base 2, what is 100 - -110011001?
110011101
In base 2, what is -101011011101 + -1?
-101011011110
In base 4, what is 110 + -11?
33
In base 12, what is 1 + -1296?
-1295
In base 13, what is c9 + -4?
c5
In base 2, what is 100101011 - 0?
100101011
In base 16, what is -bda + 3?
-bd7
In base 15, what is -1338 + -1?
-1339
In base 14, what is -23 - -30?
b
In base 3, what is 20 - 10?
10
In base 9, what is -3 - 173?
-176
In base 10, what is 147 - -65?
212
In base 15, what is 4 - 11?
-c
In base 13, what is -12c3 + -5?
-12c8
In base 8, what is -1 + 77?
76
In base 14, what is 2c5 + 0?
2c5
In base 13, what is -b - 3?
-11
In base 10, what is -413 - 3?
-416
In base 2, what is 100000 + 110?
100110
In base 13, what is -70 - 1c?
-8c
In base 15, what is 5 - -19a?
1a0
In base 13, what is 22 - 0?
22
In base 5, what is -3431 - 11?
-3442
In base 14, what is c4 - 2?
c2
In base 3, what is 120212 + -1?
120211
In base 12, what is -6a + -a3?
-151
In base 14, what is 48 - 3?
45
In base 10, what is -3 + -76?
-79
In base 14, what is -64 - -26?
-3c
In base 16, what is 1 - 18?
-17
In base 3, what is 2110 - 110?
2000
In base 14, what is 0 - -14c?
14c
In base 15, what is 5 - 162?
-15c
In base 4, what is 2 - -2102?
2110
In base 15, what is 1 - a6?
-a5
In base 11, what is -5 + -208?
-212
In base 15, what is 16 - -6a?
81
In base 15, what is 4 + -d8?
-d4
In base 5, what is 30324 - 3?
30321
In base 16, what is -10b9 - 5?
-10be
In base 2, what is 100000 - 0?
100000
In base 14, what is -367 - 0?
-367
In base 2, what is 1101111011110 - -10?
1101111100000
In base 15, what is -e + -5?
-14
In base 2, what is 100011100111101 + -11?
100011100111010
In base 6, what is 115 - -4?
123
In base 14, what is -14 + 2?
-12
In base 13, what is 97 + 1?
98
In base 8, what is 4 - 33?
-27
In base 15, what is 34 - -9?
3d
In base 12, what is -17 + 21?
6
In base 5, what is 1 - -2032?
2033
In base 16, what is 1b + 7?
22
In base 13, what is -20 + -b?
-2b
In base 14, what is -3 - -4b?
48
In base 13, what is -92 + -5?
-97
In base 7, what is 24 + -14?
10
In base 2, what is 100000 + -10?
11110
In base 10, what is -3 - 30?
-33
In base 14, what is 71 - -3?
74
In base 14, what is 4 - 2c7?
-2c3
In base 2, what is -10 - 1000010?
-1000100
In base 5, what is 302 + 14?
321
In base 9, what is -1723 - -18?
-1704
In base 7, what is 1226 - -1?
1230
In base 3, what is 110221 - -1?
110222
In base 9, what is -5 - -28?
23
In base 14, what is -2 - -388?
386
In base 5, what is -1 + -2022?
-2023
In base 5, what is -3423 + -2?
-3430
In base 4, what is 10 + 1221?
1231
In base 8, what is -5655 + 5?
-5650
In base 11, what is 3a + -77?
-38
In base 10, what is 136 - -24?
160
In base 12, what is 3 - 458?
-455
In base 7, what is -5 - 30?
-35
In base 12, what is 0 - -2?
2
In base 12, what is -23 - -214?
1b1
In base 11, what is -2a - -1?
-29
In base 7, what is -22 - 1253?
-1305
In base 5, what is 1241 + -10?
1231
In base 3, what is -211121 - -2?
-211112
In base 3, what is 102211211 + 20?
102212001
In base 9, what is -5 + -464?
-470
In base 8, what is -2556 - -1?
-2555
In base 11, what is 2 - -896?
898
In base 3, what is 201 + 1000?
1201
In base 10, what is 140 - -48?
188
In base 6, what is -100 - 2?
-102
In base 5, what is -4342 + -3?
-4400
In base 8, what is 4 + 345?
351
In base 7, what is 2 - 11061?
-11056
In base 9, what is 4 + -66?
-62
In base 4, what is -3 - 32?
-101
In base 10, what is 597 + -5?
592
In base 7, what is 542 - -2?
544
In base 5, what is -2213 + -2?
-2220
In base 9, what is 2 - 6411?
-6408
In base 3, what is -211 - 101?
-1012
In base 14, what is 1 + cd?
d0
In base 3, what is 2 - -2112?
2121
In base 9, what is 1218 - 3?
1215
In base 11, what is 250 - -3?
253
In base 13, what is -32 + 19?
-16
In base 10, what is 7 - 301?
-294
In base 9, what is 18 - -10?
28
In base 12, what is b4 + 4?
b8
In base 11, what is -4 - 83?
-87
In base 12, what is -25 + 36?
11
In base 10, what is 940 - 0?
940
In base 4, what is 1022 - 20?
1002
In base 11, what is 8 + 198?
1a5
In base 16, what is -f + -7?
-16
In base 2, what is -10111101110 + -11?
-10111110001
In base 9, what is -2 + -834?
-836
In base 2, what is -10011011 + -1?
-10011100
In base 12, what is 9b + -9?
92
In base 6, what is -105 + 51?
-14
In base 5, what is -1 - 10?
-11
In base 6, what is -50 + -3?
-53
In base 4, what is -11 + -100?
-111
In base 8, what is -42 - -5?
-35
In base 6, what is 33 + 15?
52
In base 10, what is 4 - -403?
407
In base 15, what is -3 - -68?
65
In base 2, what is -1001100010110 - 0?
-1001100010110
In base 5, what is 3 - -122?
130
In base 13, what is 16 + 144?
15a
In base 4, what is -310120 - 11?
-310131
In base 2, what is 101011110110 + -101?
101011110001
In base 2, what is 1111010 - -1000111?
11000001
In base 2, what is -100 - -1001110111100?
1001110111000
In base 15, what is -1 - -13?
12
In base 4, what is 130 - -10?
200
In base 9, what is -5 + 17?
12
In base 2, what is -110001 - -1100?
-100101
In base 13, what is -c73 - -3?
-c70
In base 7, what is 546 + 3?
552
In base 2, what is 110010100 + -11?
110010001
In base 2, what is 111111 + 10001?
1010000
In base 9, what is -20214 + 4?
-20210
In base 7, what is -115 + 0?
-115
In base 10, what is -4 + 5?
1
In base 8, what is -1 - -437?
436
In base 6, what is 4 - 2223?
-2215
In base 13, what is -a7 + 3?
-a4
In base 9, what is -38 + -12?
-51
In base 12, what is 4 - 339b?
-3397
In base 16, what is -3 - 466?
-469
In base 14, what is -4 - 4d1?
-4d5
In base 8, what is -1 - 66?
-67
In base 14, what is -15 + 24?
d
In base 11, what is -300 - 4?
-304
In base 10, what is -2712 + -1?
-2713
In base 13, what is -78b + 0?
-78b
In base 8, what is 464 + 6?
472
In base 9, what is 3 + -68?
-65
In base 2, what is -11 - -1001101011?
1001101000
In base 4, what is 1201122 + 1?
1201123
In base 4, what is 11 - -120211?
120222
In base 8, what is 4 - 33?
-27
In base 13, what is 4 + -36?
-32
In base 13, what is -1 + 1c9b?
1c9a
In base 5, what is 443 + 2?
1000
In base 6, what is 50 + 33?
123
In base 12, what is -38 - 153?
-18b
In base 2, what is -11 - 1011111101?
-1100000000
In base 10, what is -65 - -1?
-64
In base 10, what is 89 - -5?
94
In base 6, what is -33 - -32?
-1
In base 7, what is 16111 + -1?
16110
In base 3, what is 2210 + -1?
2202
In base 10, what is -560 + 1?
-559
In base 4, what is 0 - -30?
30
In base 16, what is 12 + -2?
10
In base 15, what is -5 - 1d80?
-1d85
In base 3, what is 0 + 20200?
20200
In base 10, what is 1 - 14?
-13
In base 13, what is 42 + -b4?
-72
In base 15, what is -5 - 1048?
-104d
In base 15, what is 132 + 2?
134
In base 5, what is 43 - -223?
321
In base 11, what is 0 - -13?
13
In base 2, what is -10101 - 11?
-11000
In base 10, what is -8 - 270?
-278
In base 4, what is -31 - -12120?
12023
In base 9, what is 0 + 202?
202
In base 15, what is 5 + 59e?
5a4
In base 15, what is 4e0 + -13?
4cc
In base 11, what is 1 - 3a?
-39
In base 12, what is -8 + -1a?
-26
In base 8, what is -511 + 4?
-505
In base 11, what is 551 - 1?
550
In base 11, what is -1 - -49?
48
In base 12, what is 2b - -1?
30
In base 15, what is 7 + 79a?
7a2
In base 10, what is 0 + -66?
-66
In base 3, what is 2220122 - -11?
2220210
In base 7, what is 4 + 21450?
21454
In base 8, what is 473 + 1?
474
In base 4, what is 0 + 1211?
1211
In base 15, what is 0 - 5?
-5
In base 8, what is 5 + -176?
-171
In base 3, wh